{"id":2,"date":"2011-01-11T21:01:05","date_gmt":"2011-01-11T21:01:05","guid":{"rendered":"http:\/\/wordpress.asv-lichtenau.de\/?page_id=2"},"modified":"2017-12-13T18:35:21","modified_gmt":"2017-12-13T17:35:21","slug":"eine-seite","status":"publish","type":"page","link":"https:\/\/www.asv-lichtenau.de\/?page_id=2","title":{"rendered":"Umweltschutz"},"content":{"rendered":"<p>Der ASV Lichtenau und Umweltschutz<\/p>\n<p>Der Angelsport Lichtenau hat sich neben dem Angeln auch zum aktiven Umweltschutz verpflichtet. Die Aktionen des ASV sind vielf\u00e4ltig und hier sollen nur einige davon genannt werden.<\/p>\n<p>Seit vielen Jahren schon werden regelm\u00e4\u00dfig die Gew\u00e4sser und Ufer vom M\u00fcll unserer Mitmenschen befreit.<br \/>\nEs wurden vom Verein ca. 100 Nistk\u00e4sten f\u00fcr die heimische Vogelwelt (auch f\u00fcr Flederm\u00e4use) gebaut und werden j\u00e4hrlich gereinigt und renoviert.<br \/>\nIn unregelm\u00e4\u00dfigen Abst\u00e4nden werden die Gew\u00e4sser \u00f6kologisch mit Fischen besetzt, selbstverst\u00e4ndlich auch mit Fischarten die nicht zum Fischen gedacht sind.<br \/>\nDer ASV Lichtenau besitzt eine sehr umfangreiche Ausstattung zur Bestimmung der biologischen und chemischen Wasserqualit\u00e4t.<\/p>\n<p>Die Ausstattung zur biologischen Wasseruntersuchung:<\/p>\n<div id=\"attachment_40\" style=\"width: 390px\" class=\"wp-caption alignnone\"><a href=\"http:\/\/wordpress.asv-lichtenau.de\/wp-content\/uploads\/2011\/01\/biologische.jpg\"><img loading=\"lazy\" decoding=\"async\" aria-describedby=\"caption-attachment-40\" class=\"size-full wp-image-40\" title=\"biologische\" src=\"http:\/\/wordpress.asv-lichtenau.de\/wp-content\/uploads\/2011\/01\/biologische.jpg\" alt=\"Ger\u00e4te zur biologischen Wasseruntersuchung\" width=\"380\" height=\"285\" srcset=\"https:\/\/www.asv-lichtenau.de\/wp-content\/uploads\/2011\/01\/biologische.jpg 380w, https:\/\/www.asv-lichtenau.de\/wp-content\/uploads\/2011\/01\/biologische-300x225.jpg 300w\" sizes=\"auto, (max-width: 380px) 100vw, 380px\" \/><\/a><p id=\"caption-attachment-40\" class=\"wp-caption-text\">Ger\u00e4te zur biologischen Wasseruntersuchung<\/p><\/div>\n<p>Wasserkescher, Wasserkescher mit Siebboden, Drahtsiebkescher, Planktonnetz, Pfahlkratzer, Wassersch\u00f6pfbecher, Teleskopstange aus Fieberglas, Secchi Sichtscheibe und ein Wasserprobennehmer &#8222;Sch\u00f6pfflasche nach Meyer&#8220; mit 10 m Senkleine.<\/p>\n<p>Ger\u00e4te zur Bestimmung der chemischen Wasserqualit\u00e4t:<\/p>\n<div id=\"attachment_41\" style=\"width: 390px\" class=\"wp-caption alignnone\"><a href=\"http:\/\/wordpress.asv-lichtenau.de\/wp-content\/uploads\/2011\/01\/chemische.jpg\"><img loading=\"lazy\" decoding=\"async\" aria-describedby=\"caption-attachment-41\" class=\"size-full wp-image-41\" title=\"chemische\" src=\"http:\/\/wordpress.asv-lichtenau.de\/wp-content\/uploads\/2011\/01\/chemische.jpg\" alt=\"Ger\u00e4te f\u00fcr die chemische Wasseruntersuchung\" width=\"380\" height=\"285\" srcset=\"https:\/\/www.asv-lichtenau.de\/wp-content\/uploads\/2011\/01\/chemische.jpg 380w, https:\/\/www.asv-lichtenau.de\/wp-content\/uploads\/2011\/01\/chemische-300x225.jpg 300w\" sizes=\"auto, (max-width: 380px) 100vw, 380px\" \/><\/a><p id=\"caption-attachment-41\" class=\"wp-caption-text\">Ger\u00e4te f\u00fcr die chemische Wasseruntersuchung<\/p><\/div>\n","protected":false},"excerpt":{"rendered":"<p>Der ASV Lichtenau und Umweltschutz Der Angelsport Lichtenau hat sich neben dem Angeln auch zum aktiven Umweltschutz verpflichtet. Die Aktionen des ASV sind vielf\u00e4ltig und hier sollen nur einige davon genannt werden. Seit vielen Jahren schon werden regelm\u00e4\u00dfig die Gew\u00e4sser und Ufer vom M\u00fcll unserer Mitmenschen befreit. Es wurden vom Verein ca. 100 Nistk\u00e4sten f\u00fcr [&hellip;]<\/p>\n","protected":false},"author":2,"featured_media":0,"parent":0,"menu_order":0,"comment_status":"closed","ping_status":"closed","template":"","meta":{"footnotes":""},"class_list":["post-2","page","type-page","status-publish","hentry"],"_links":{"self":[{"href":"https:\/\/www.asv-lichtenau.de\/index.php?rest_route=\/wp\/v2\/pages\/2","targetHints":{"allow":["GET"]}}],"collection":[{"href":"https:\/\/www.asv-lichtenau.de\/index.php?rest_route=\/wp\/v2\/pages"}],"about":[{"href":"https:\/\/www.asv-lichtenau.de\/index.php?rest_route=\/wp\/v2\/types\/page"}],"author":[{"embeddable":true,"href":"https:\/\/www.asv-lichtenau.de\/index.php?rest_route=\/wp\/v2\/users\/2"}],"replies":[{"embeddable":true,"href":"https:\/\/www.asv-lichtenau.de\/index.php?rest_route=%2Fwp%2Fv2%2Fcomments&post=2"}],"version-history":[{"count":4,"href":"https:\/\/www.asv-lichtenau.de\/index.php?rest_route=\/wp\/v2\/pages\/2\/revisions"}],"predecessor-version":[{"id":1089,"href":"https:\/\/www.asv-lichtenau.de\/index.php?rest_route=\/wp\/v2\/pages\/2\/revisions\/1089"}],"wp:attachment":[{"href":"https:\/\/www.asv-lichtenau.de\/index.php?rest_route=%2Fwp%2Fv2%2Fmedia&parent=2"}],"curies":[{"name":"wp","href":"https:\/\/api.w.org\/{rel}","templated":true}]}}